(-8)/6*15/(-10)). Suppose -y - 137 - 81 = -3*s, 0 = -5*s - y + 358. Suppose -r - r + s = x. List the prime factors of r.
2, 3
Let n = 11 + -11. Suppose 5*i + 4*a = 33, n = 3*i - a - 3*a - 7. What are the prime factors of ((-12)/i)/((-8)/140)?
2, 3, 7
Let c(u) = -6*u**3 - u**2 + 5*u + 3. Suppose 2*g + 5*j + 8 = j, 5*g + 15 = -5*j. List the prime factors of c(g).
37
Let a(b) = b**3 - 7*b**2 + 3*b - 5. Suppose 28 = -m + 5*m. List the prime factors of a(m).
2
Let r(x) = -x**2 - 10*x - 6. Let b be 3/15 - 138/15. Let z be r(b). Suppose -4*m = -z*m - 28. List the prime factors of m.
2, 7
Let u be 4/(-6) - 350/15. Let i be (1 + u)*(2 - 3). Suppose 3*r - 13 - i = 0. List the prime factors of r.
2, 3
Suppose -18*p + 5737 = -4811. List the prime factors of p.
2, 293
Let u(s) = s - 9. Let a be u(-4). Let q = a - -13. Suppose q = -w + l + 45, -2*l + 5*l - 37 = -w. List the prime factors of w.
43
Let x(k) = 35*k**3 - k**2 - k - 1. Let i(m) = 9*m**2 - 55*m + 8. Let r be i(6). What are the prime factors of x(r)?
3, 7, 13
Suppose -5*u - j = -5*j + 663, -4*u = 3*j + 549. Let f = -78 - u. What are the prime factors of f?
3, 19
Let z = -422 + 2520. What are the prime factors of z?
2, 1049
Let x(o) be the second derivative of -o**5/15 + 2*o**4/3 - 3*o**3/2 - 14*o. Let g(u) be the second derivative of x(u). List the prime factors of g(-8).
2, 5
What are the prime factors of ((2 - 2) + 859)/((-36)/(-108))?
3, 859
Let n be ((-396)/(-24))/(1/(-6)). List the prime factors of (-4)/22 + (-4968)/n.
2, 5
Let s be -3*(-1 - (-2)/6). Suppose -g = 2*y - 4*g - 28, -y - 5*g + 1 = 0. Suppose s*n + 86 = 6*n + r, n - 5*r = y. List the prime factors of n.
3, 7
List the prime factors of 4/(-3)*-223*3.
2, 223
Suppose 4*c - 5*c = 4*f - 59, c - 5*f = 23. Let z = 31 - c. List the prime factors of (116/z)/(3/(-9)).
29
Let c be 13 + 4/1 + -6. Let p(w) = 5*w + 32. List the prime factors of p(c).
3, 29
Suppose -22*y + 19*y = -1077. Suppose -4*h - 39 = -5*c - y, -5*h = -4*c - 391. List the prime factors of h.
3, 5
Let h(k) = -k**3 + 10*k**2 - 9*k + 6. List the prime factors of h(3).
2, 3, 7
Let w(i) = -71*i + 25. What are the prime factors of w(-29)?
2, 521
Let j(k) = k**2 - 7*k - 6. Let y be j(8). Suppose y*d - 5*o - 343 = 0, d - 3*o - 144 = -6*o. What are the prime factors of d?
3, 53
Let t(l) = l**2 - 5*l + 3. Let d be t(5). Let b be 1/4 + (1420/(-16))/(-5). What are the prime factors of -3*d/b*-22?
11
List the prime factors of (29 - 55)/((-8)/1044).
3, 13, 29
Let t(x) = -x**3 + 12*x**2 - 12*x + 16. Let s be t(11). Suppose -s*d - 2*y = -69 - 242, 4*d - 253 = -3*y. List the prime factors of d.
61
Suppose -3*h - 2*h - 990 = -y, 0 = -4*y + h + 3884. List the prime factors of y.
2, 5, 97
Suppose 4*t + 42 = -2*t. Let v(y) = -3*y**2 - 3*y - 7. Let m be v(t). What are the prime factors of m/(-5) - (-60)/(-100)?
2, 13
Let c = 8 - 18. List the prime factors of (12/c)/((-10)/725).
3, 29
Let d(s) = 115*s**2 - 13*s - 4. List the prime factors of d(2).
2, 5, 43
Let p(i) be the second derivative of i**3/2 + 25*i**2 - 2*i - 1. List the prime factors of p(-16).
2
Suppose 0 = o + 3*o + 5*j - 320, 3*j + 12 = 0. Let t = o + -38. List the prime factors of t.
47
Let i = 842 + -552. What are the prime factors of i?
2, 5, 29
Suppose -4*q + 2*d = -24, -q - 5*d = 4*q. Let x = -18 - -40. Suppose -q*t - x = -254. What are the prime factors of t?
2, 29
Suppose 2*o - 47 = -5. Let u(y) = 34*y - 8. Let x be u(-7). What are the prime factors of x/(-10) + o/(-35)?
2, 3
Let p = 674 - 199. What are the prime factors of p?
5, 19
Suppose 42644 + 2554 = 27*s. What are the prime factors of s?
2, 3, 31
Let h = 23 + -19. What are the prime factors of (112 - -4)/(-2 + h)?
2, 29
Let i(y) = 12 - 32 + 50*y + 7*y. What are the prime factors of i(4)?
2, 13
Suppose u = -5*i + 4*u + 30, 5*u + 16 = -3*i. Let k be i + 1 - (-224)/2. Let c = -58 + k. List the prime factors of c.
2, 29
Let n = -5 + 8. Let m = -247 + 310. Suppose m = -0*p + n*p. What are the prime factors of p?
3, 7
Let d = 1929 + -919. What are the prime factors of d?
2, 5, 101
Suppose 0 = 5*o - 15, -5*d + 2*o = -139 + 25. Suppose d*f = 19*f + 15. What are the prime factors of f?
3
Let j = -112 - -168. Let v be (-8)/j - (-1)/7. What are the prime factors of (-1)/(3/(-78) - v)?
2, 13
Suppose 15 + 9 = 4*s. Suppose -c + 5*n = 18, 3*c - 3*n - s = -0*n. List the prime factors of (-3)/c - 511/(-49).
2, 5
List the prime factors of ((-88)/33)/((-4)/2763).
2, 3, 307
Let r(n) = -6 + 2 - n - 11 + 1. Let t be r(-12). Let i = t - -12. What are the prime factors of i?
2, 5
Let j(y) = -2*y**2 - 5*y + 6. Let t be j(4). Let l = t - -176. Suppose 5*p + 2*x - 120 = 0, 0 = 5*p - 2*x + 6*x - l. List the prime factors of p.
2, 11
What are the prime factors of (1559 + -2)*(-4)/(-12)?
3, 173
Let i = -862 + 1068. List the prime factors of i.
2, 103
Suppose 0 = 5*i + 3 + 2, 2*i + 28 = w. Suppose -174 = -4*g + w. List the prime factors of g.
2, 5
Suppose -4*z - 118 = -98. Let x(v) = -5*v**2 + 1. Let w be x(2). Let i = z - w. What are the prime factors of i?
2, 7
Let l = 904 + -281. What are the prime factors of l?
7, 89
Suppose 0 = 4*p - 193 - 87. Suppose 3*n = n + p. What are the prime factors of n?
5, 7
Let n be (-4)/((-7)/(3969/6)). Suppose 5*u - 24 = y, -y + 6 = 2*u - u. Suppose n - 43 = u*c. What are the prime factors of c?
67
Suppose 2*q + q = -9. Let v be 33/6 - q/6. Suppose 4*z - 100 = -5*a, v*a - 3*a - 3*z - 60 = 0. What are the prime factors of a?
2, 5
Suppose 7*v - 5*v = 18. Suppose 4*w + 65 = v. What are the prime factors of (-5 - w) + -4 + 1?
2, 3
List the prime factors of 2*556*(-18)/(-48).
3, 139
Suppose 2*a + 5*s - 6966 + 1780 = 0, 2*a = -3*s + 5186. What are the prime factors of a?
2593
Let o be (-1)/(-3)*(-3)/(-1). What are the prime factors of 4 - (-3 + (o - -2))?
2
Suppose 4*w - 19 - 17 = 0. Suppose 0 = w*j - 0*j - 99. List the prime factors of j.
11
Suppose -417 = -4*i + 879. What are the prime factors of i?
2, 3
Suppose 4*c - 5*c - 5 = -g, 4*g = -3*c - 43. Let o = 16 + c. Suppose 3*r - 52 + o = 0. List the prime factors of r.
3, 5
Let h be -2 + (15 - 3)/3. Suppose 0 = 3*w - 2*x - 311, -4*w + 270 = h*x - 154. Suppose 0*a = 3*a - w. List the prime factors of a.
5, 7
Suppose 5*v + 4*o - o = -15, v + 20 = -4*o. Suppose -y + 99 = -5*x, v*y - 3*y = 4*x - 240. What are the prime factors of y?
2, 3, 7
Suppose 138 = -2*q + 2. Let b = q + 130. List the prime factors of b.
2, 31
Suppose -3*j + 2*o - 37 = 0, -o - 35 = 4*j + 29. What are the prime factors of (-5 - j)*316/10?
2, 79
Let z be 6*(-1)/(-10)*-5. Let g = -14 + 19. What are the prime factors of (g/z + 1)*-36?
2, 3
Let p(q) = -q**3 - 9*q**2 - 9*q - 8. Let b = 19 - 27. Let v be p(b). Suppose v = 2*g - 7*g + 50. List the prime factors of g.
2, 5
Let s(b) = -3*b**3 - 7*b**2 - 3*b + 9. Let w be s(-5). Suppose -w + 39 = -5*a. What are the prime factors of a?
37
Suppose 0*y = 5*y - 10. Suppose -159 = -v - y*v. Let a = 85 - v. List the prime factors of a.
2
Let x = -156 + 158. Suppose -72 = l + s - 261, x*s + 174 = l. List the prime factors of l.
2, 23
List the prime factors of 486360/108 + 1/3*-1.
3, 19, 79
What are the prime factors of -2*6/(-8) - 3333/(-6)?
557
Let x(y) = -102*y + 8. Let u be x(1). Let t = 114 + u. What are the prime factors of t?
2, 5
Let y = 21 + 0. Suppose -4 = q - y. Suppose 0 = 5*r + 15, x + r - q = 3. List the prime factors of x.
23
Suppose 0 = -9*i + 1204 - 178. Suppose 2*g - 154 = g + 4*v, g = -4*v + i. List the prime factors of g.
2, 67
Let a be (-12)/(-42) + (-4)/14. Suppose 4*h - 140 = -a*h. What are the prime factors of ((-90)/h)/(2/(-14))?
2, 3
Suppose 0 = -69*t - 28479 + 283365. What are the prime factors of t?
2, 1847
Let q(k) be the first derivative of -2 - 4*k**2 + 4*k + 5 + 7*k**2 + 2. List the prime factors of q(3).
2, 11
Let y = 31 - 21. Suppose 6*n + 320 = y*n. What are the prime factors of n?
2, 5
Let o(b) = 58*b**2 - 1. What are the prime factors of o(-3)?
521
Let y(p) = 16*p**2 + p + 35. What are the prime factors of y(6)?
617
Suppose 12 = -2*k + 4*q, 3*k - 4*q + 5 + 13 = 0. Let u be (170/k)/((-22)/66). Let o = 157 - u. What are the prime factors of o?
2, 3
Let r(v) be the second derivative of 0 - 5*v - 5/6*v**3 + 1/12*v**4 + v**2. What are the prime factors of r(6)?
2
Suppose -2*t = 2, 5*q + 4